late the highest common divisor of i and 26.
26
Suppose 11*v = 4*v + 308. Calculate the greatest common factor of 187 and v.
11
Let b = -101 - -47. Let n = b - -89. Calculate the greatest common factor of n and 5.
5
Let x = 28 - -363. Calculate the greatest common factor of x and 85.
17
Suppose -2*s + 4*n + 70 = 0, -3*n = -4*s + 64 + 86. Calculate the greatest common factor of s and 377.
13
Suppose -32*z + 547 + 733 = 0. Suppose -3*a + 291 = 5*w, 0*w = -2*w - a + 117. What is the greatest common divisor of w and z?
20
Let s(a) = a**3 + 10*a**2 + 2*a + 13. Let f be s(-8). Suppose -5*n = -15 - f. Calculate the highest common factor of 56 and n.
28
Let o(q) = 2*q**2 + 11*q + 15. Let a be o(-2). Calculate the highest common factor of a and 3.
1
Let d(q) = -7*q + 6. Let g be d(3). Let b = 32 + g. What is the greatest common factor of 51 and b?
17
Let y = 45 + -15. Let d = y + -28. What is the highest common factor of d and 1?
1
Suppose 855 = -16*p + 21*p. Suppose 5*r - p + 11 = 0. What is the highest common divisor of r and 352?
32
Let h = 3 - -49. What is the greatest common factor of 4 and h?
4
Let s(l) = -22*l + 2. Let k be s(-6). Suppose 0*y = 5*y - 3*j - k, -128 = -5*y + j. Let t = 4782 + -4607. What is the highest common divisor of y and t?
25
Suppose b = 2*m + 12, 2*b + m - 6 = 28. Let d be (-2)/3*3 - -5. Let x be d/(-2)*4/(-3). What is the greatest common factor of x and b?
2
Let k = 1078 + -1018. What is the greatest common divisor of 48 and k?
12
Suppose 122*t + 120 = 125*t. What is the greatest common divisor of 10 and t?
10
Let q(g) = g + 2. Let i be q(2). Suppose 191 = i*k + k + 2*f, -5*f - 10 = 0. Calculate the greatest common factor of k and 273.
39
Let y(b) = 208*b + 651. Let a be y(-3). Suppose f - 12 = -f. Calculate the highest common factor of f and a.
3
Suppose 0*z = 8*z - 40. Let b be ((-2)/z)/(-1 - (-4)/5). Calculate the greatest common divisor of 20 and b.
2
Let b be 6/(-7) + (-91214)/(-413). Calculate the greatest common factor of 110 and b.
110
Suppose 3*k + 2 = 2*z - 7, -3*z + 12 = -4*k. Suppose 107 = 5*f + 2*d - d, z = -f + 3*d + 15. Suppose -q + f = 5. What is the greatest common factor of 32 and q?
16
Let c(n) = -n + 17. Let r be c(14). Suppose -5 = 2*a - r*z - 56, 0 = -3*a + z + 80. Calculate the highest common factor of a and 81.
27
Suppose -2 = 2*j - 4. Let h(c) = 4 - 5*c - 18 - 12. Let k be h(-6). What is the highest common divisor of j and k?
1
Suppose -720 = -9*h + 3*h. What is the highest common divisor of 160 and h?
40
Let r = 25 - 5. Suppose 10*n = 11*n - 34. Suppose -126 = -2*d + n. What is the highest common factor of d and r?
20
Suppose 0 = 4*s + 215 - 395. What is the greatest common factor of 360 and s?
45
Let w be (6/12)/((0 + -1)/26). Let g(p) = -7*p - 7. Let o be g(w). What is the highest common factor of 210 and o?
42
Let t be 5 - 6 - (-7 + 1). Suppose 10*c - t*c - 150 = 0. Let x be 18/(-15)*300/(-8). What is the greatest common factor of x and c?
15
Suppose 3*v = 7*v - 140. Let o be 3 + 4 + -3 + 346. What is the highest common factor of o and v?
35
Let i(c) = 13*c**2 + 3*c - 3. Let b be i(1). Let w be (14/8)/(b/624). Calculate the highest common divisor of 21 and w.
21
Let j(h) = -24*h - 27. Let l be j(-9). Let a(w) = -7*w - 15. Let k be a(-6). What is the highest common divisor of k and l?
27
Suppose 0 = v + 4*l - 2 - 14, l - 19 = -4*v. Suppose v*f - p - 59 = 0, 6*f - 2*f - 89 = -5*p. What is the highest common factor of 8 and f?
8
Let d(c) = -48*c**3 - 32*c**2 + 32*c**2 - 42*c**3. Let l be d(-1). Suppose -5*r = -r - 40. What is the greatest common factor of r and l?
10
Suppose 3*j - 4*y = 103, 0 = 2*y + 6 + 2. Suppose -j + 95 = 6*c. What is the highest common factor of c and 22?
11
Suppose -4*q - 5 = c, -4*c = -5*q + 4 - 26. Suppose 32 = c*o + 5*o. What is the greatest common factor of 8 and o?
4
Let z(g) = -g**2 + 7*g + 6. Let i be z(7). Suppose -h = -2, i*f - 4*f + 2*h - 34 = 0. Let a = -2 + 5. What is the greatest common factor of f and a?
3
Let a(i) = i**3 - 18*i**2 + 81*i + 16. Let f be a(11). What is the highest common divisor of f and 45?
15
Let n(c) = -c**3 + 31*c**2 + 8*c - 202. Let d be n(31). What is the greatest common divisor of 184 and d?
46
Suppose -82 + 496 = 6*c. Calculate the greatest common divisor of c and 184.
23
Let j(l) = -3*l**2 - 61*l - 8. Let n be j(-20). Calculate the highest common divisor of n and 18.
6
Let o(s) = 6*s**2 + 35*s - 59. Let t be o(-8). What is the greatest common factor of t and 2655?
45
Suppose 0 = -3*z - d + 10, 8*d = 2*z + 3*d - 18. What is the highest common divisor of 36 and z?
4
Suppose -4*g + 3*x = -625, -21*x = -3*g - 16*x + 455. What is the greatest common factor of g and 5?
5
Let z = 1549 + -1369. Calculate the highest common factor of 460 and z.
20
Suppose 16 = 19*w - 1124. What is the highest common factor of 1140 and w?
60
Suppose -10*b = -18*b + 432. Calculate the greatest common factor of b and 1566.
54
Let t = -15 - -7. Let r(d) = -d**2 - 10*d - 2. Let c be r(t). Let p(v) = 20*v - 118. Let o be p(8). What is the greatest common divisor of o and c?
14
Let r = 153 - 99. Let i = -903 + 921. Calculate the greatest common divisor of r and i.
18
Let r(u) = u**2 + 6*u - 2. Let v be r(-3). Let h = v + 18. Suppose -q + h*w = 2*w - 28, -5*q + 77 = -4*w. Calculate the highest common factor of 52 and q.
13
Let s = 290 - 278. Calculate the highest common factor of s and 20.
4
Suppose 0 = -n + 8*n - 35. Suppose 3*y = 10 + n. Calculate the highest common divisor of 5 and y.
5
Suppose -5*f + 540 = 5*s, 2*f + s = -2*f + 444. Let u = 74 - f. Let o be u/57 - 8/(-3). Calculate the highest common factor of o and 2.
2
Suppose 2*f - 76 = -14. Let n = f + -28. Suppose 4*v - n*g + 7*g = 28, 3*g = 4*v - 28. What is the greatest common factor of v and 21?
7
Suppose 2*r - 3*r + 1 = 0. Let x(q) = q + 1. Let c be x(-1). Suppose 3*b = -c*b - 3*g + 24, 0 = -4*b + g + 27. Calculate the highest common divisor of r and b.
1
Suppose 13*u - 3*u = 220. Calculate the greatest common divisor of u and 22.
22
Suppose -v + 3*y = -24, -160 = -7*v + 2*v - 5*y. Let l = -7 + v. Suppose g - 83 - 124 = 0. Calculate the greatest common factor of g and l.
23
Let y(i) = i**2 - 8*i - 6. Let g be y(10). Suppose -14*h + 10*h + 616 = 0. What is the greatest common factor of h and g?
14
Let l be 120/(-150)*(126/(-4) - 1). Calculate the greatest common factor of 117 and l.
13
Let c = 1344 - 1299. Calculate the highest common factor of 153 and c.
9
Let z(m) = 15*m - 3. Let s be z(2). Suppose 0 = -2*i - 28*k + 15*k + 98, 3*i + 3*k - 114 = 0. Calculate the highest common factor of s and i.
9
Let p = -875 + 985. What is the greatest common factor of 44 and p?
22
Let s = 1282 + -1281. Calculate the greatest common divisor of s and 19.
1
Let d(j) = 10*j + 11 - 17*j + 8*j. Let q be d(-11). Suppose g = -5*w + 64, w - 5*g - 18 + q = 0. What is the greatest common factor of w and 13?
13
Suppose 4*h = 4, 0 = 5*z - 5*h + 5 - 20. What is the highest common factor of 2 and z?
2
Let a be (1 - -1) + (-19646)/(-11). What is the highest common divisor of a and 12?
12
Suppose 2*t = -2*f + 62, 0 = 2*f - 2*t + 20 - 86. Let m = 12 + f. Calculate the highest common divisor of m and 4.
4
Let c = -132 - -140. What is the greatest common divisor of 14 and c?
2
Suppose -4*j - 5*o + 209 = 44, 4*o + 156 = 4*j. Calculate the highest common divisor of 16 and j.
8
Let r be 1/(-2)*(-22 + 0). Let x be (6 - (-22 + 32)) + (4 - -1). Calculate the greatest common divisor of x and r.
1
Suppose 3*h - h = 3*r + 91, -42 = -h - 2*r. Suppose 4*o + 3*b - 8*b - 50 = 0, -h = -5*o - 3*b. What is the greatest common divisor of 70 and o?
10
Let b be (6 + -23)/((-2)/10). What is the greatest common factor of 1700 and b?
85
Suppose 5*g - 2 - 43 = 0. Let y(c) = -c**3 + 8*c**2 + 10*c + 17. Let u be y(g). Calculate the greatest common divisor of u and 26.
26
Suppose -48*o + 16*o + 14720 = 0. Calculate the highest common divisor of 184 and o.
92
Let u(y) = -13*y + 7*y + 4 - y**2 + 4*y. Let t be u(0). Calculate the highest common factor of t and 36.
4
Suppose -262 = 4*p - 3902. What is the highest common factor of p and 70?
70
Let p be (3/6)/((-8)/16) - -106. What is the highest common divisor of p and 60?
15
Suppose q + 494 = 566. Calculate the gre